 d and 35.
35
Suppose 5*u = -2*q - 381, -5*u + 0*q = -q + 387. Let m be 22/u + 141/(-21). Let d = m - -79. What is the greatest common divisor of 48 and d?
24
Let w(z) = -z**3 - z**2 - 379*z + 72. Let b be w(0). Suppose 86 = 3*v - 4. What is the greatest common divisor of v and b?
6
Suppose 65*a - 123*a + 25500 = 67*a. What is the greatest common factor of 48 and a?
12
Let u be 4 + (-9 + 11 - (-1 + 4)). Suppose 0 = -5*v + 2*x - 4*x + 120, -u*v - 5*x + 53 = 0. Let g = 59 - v. Calculate the highest common factor of g and 363.
33
Let r(u) = 52*u**2 + 9*u + 2. Let k be r(-1). Calculate the highest common divisor of k and 3390.
15
Let y = -174 + 328. Let r = -98 + y. Calculate the highest common divisor of 84 and r.
28
Let k be 14/(-196)*-7*370. What is the greatest common factor of k and 135?
5
Suppose p = -x + 2*x - 211, -422 = 2*p - 5*x. Let g = -210 - p. What is the highest common divisor of g and 7?
1
Let h(o) = -o**3 + 20*o**2 - 104*o + 97. Let j be h(11). Calculate the highest common factor of j and 1792.
14
Let b = 2097 + -1947. Calculate the highest common divisor of 3075 and b.
75
Let j(p) = 6*p**2 - 56*p - 1566. Let u be j(-29). Calculate the highest common divisor of u and 484.
44
Let t = 420 + -415. Suppose t*p = 2*b - 51 - 16, -5*b - 5*p = -115. Calculate the greatest common divisor of b and 6.
2
Suppose -5*z + 37 + 169 = 2*x, 3*z + 2*x - 122 = 0. Calculate the highest common factor of z and 777.
21
Suppose 2*c - 29 = -5*y, 4*y - 14 = 2*c + c. Let s(q) = 114*q - 4. Let n be s(c). Calculate the highest common factor of 28 and n.
28
Let r(k) = -13*k - 109. Let y(w) = -154*w - 1309. Let i(b) = 49*r(b) - 4*y(b). Let a be i(-6). Calculate the highest common factor of a and 231.
21
Suppose -33 = 4*l + 5*r, 0 = l - r - r - 8. Let b be -8 + (8 - l) - -7. What is the highest common divisor of b and 225?
9
Suppose 7855 = p + 2*h - 598, 4*p - 5*h - 33877 = 0. Calculate the greatest common factor of 14 and p.
7
Let b be (-76)/(-19) - (-2 + -540). Suppose 0*t - 13*t = -b. Calculate the greatest common factor of t and 112.
14
Let n be (-1615)/(-2) - (-3 + 14/4). Suppose 18*y - 1785 - n = 0. Suppose 0 = -2*x + 78 - 6. What is the highest common factor of y and x?
36
Let m = 75 + -35. Suppose -3*h - 34 + 5 = -o, 2*o - 49 = 3*h. What is the highest common divisor of m and o?
20
Suppose 0 = -49*g + 53*g - 3416. Suppose -20*o + 446 + g = 0. What is the highest common divisor of o and 26?
13
Let c be (65/(-5) + -11)/((-4)/(-102)). Let d = 742 + c. Calculate the highest common factor of d and 325.
65
Suppose 10 = 3*b + 1. Suppose 2*k + b*m = 2*m + 16, -6 = k - 3*m. Suppose k*y = 7*y - 75. What is the greatest common factor of 15 and y?
15
Let b(j) = 60*j - 41. Let s be b(-7). Let r = -310 - s. Suppose -9*t + r = -173. What is the highest common factor of 3 and t?
3
Let u(y) = 5*y**2 + 26*y - 386. Let j be u(17). What is the greatest common factor of 237 and j?
79
Let f = 20 + -52. Let q = f + 152. Calculate the highest common factor of 8 and q.
8
Let w(f) = 249*f**2 + 47*f - 148. Let q be w(3). What is the greatest common factor of 2 and q?
2
Let c be (-12)/(((-1)/7)/(14/28)). Let b = 81 + c. What is the highest common factor of b and 3?
3
Suppose b = 16*b - 45. Suppose 6*x - x - b*d = 2106, -4*x = -5*d - 1677. Calculate the highest common factor of x and 47.
47
Let d = 85 + 9. Suppose -82 = -s + b, s = -0*s - 5*b + d. Let z(f) = 28*f. Let v be z(1). What is the greatest common factor of v and s?
28
Let n(h) = 12*h**2 + 23*h + 74. Let s be n(-28). What is the greatest common factor of 18 and s?
18
Suppose -14*t + 170 + 173 - 7 = 0. What is the highest common factor of t and 2340?
12
Suppose 0 = -577*l + 102926 + 7619 + 15818. Calculate the greatest common factor of 37011 and l.
219
Let b(z) = z**2 + 21*z + 46. Let m be b(-19). Let d be (12/(-10))/((-7)/(-35)). Let w = d + m. What is the highest common divisor of 2 and w?
2
Let m = 345 + -290. What is the greatest common factor of m and 121?
11
Suppose 4*y - 60 = -4*d, 3*y - 4*d = -25 + 42. What is the greatest common divisor of 8415 and y?
11
Let p = 582 - 602. Let q be ((-55)/p)/((-2)/(-8)). What is the greatest common factor of 209 and q?
11
Let b(f) = -4*f - 12. Let u be b(-5). Suppose m + 54 = 5*g, 5*g + 5*m + 28 = u*g. What is the greatest common divisor of g and 22?
11
Suppose -g + 5*p + 1579 = 452, 0 = -g - 2*p + 1155. What is the greatest common factor of 37 and g?
37
Suppose -5*d - 1585 = -7*h + 2*h, -d + 4*h - 329 = 0. Let t = d - -331. Calculate the highest common factor of t and 153.
9
Suppose -4*c + 114 + 86 = 0. Suppose -2*p - w + 14 = -5*p, 5*p = -5*w - c. Let o be (-64)/((-21)/p + -4). What is the greatest common divisor of 16 and o?
16
Let w(t) = 17*t**2 - 2*t - 9. Let u be w(-6). Let s(c) = c**3 - 28*c**2 + 7*c + 1185. Let v be s(26). What is the greatest common divisor of u and v?
15
Suppose -3*b - 1106 + 20 = 0. Let y = b + 382. Calculate the highest common factor of 16 and y.
4
Let y(h) = h**2 - h - 490. Let l be y(41). What is the greatest common divisor of l and 180?
10
Suppose -519*n + 768717 = -102684. What is the highest common factor of 657 and n?
73
Suppose -165*t + 7893 = -25272. Calculate the greatest common divisor of t and 2144.
67
Suppose -8 + 40 = c - 56. Calculate the greatest common divisor of c and 1408.
88
Let i be (-2 - 1*-110)*(-2)/(-3). Suppose -48*n + 4 = -46*n. Suppose -2 = -n*l + 14. Calculate the highest common divisor of l and i.
8
Suppose -4*t - 66*d = -0*t - 63*d - 38, d + 6 = 0. Suppose o + 3*v - 58 = -4*o, 5*o - 54 = -4*v. What is the greatest common factor of t and o?
14
Let w(f) be the third derivative of 6*f**2 + 0*f + 0 - 5/12*f**4 + 0*f**3. Let x be w(-11). Calculate the greatest common divisor of x and 22.
22
Let y be (123 - 2)/(4 + -3). Let r(k) = -k**2 - 123*k - 1690. Let t be r(-107). What is the greatest common divisor of y and t?
11
Suppose -4*i + 31620 = -29*i + 45*i. Calculate the highest common divisor of i and 1488.
93
Suppose -2*i = -3*i, 2*m + 5*i - 96 = 0. Let t = m - 45. Suppose 2*x + a = t, x + 0*x - 4*a = 15. Calculate the greatest common divisor of 1 and x.
1
Suppose 7*c = 31 - 3. Suppose 3*n + 4 = 2*r, -c*n - 12 = -2*r + n. Let h(f) = -10*f - 34. Let u be h(r). Calculate the highest common factor of u and 8.
2
Suppose 0 = -l + x + 505, 5*l = -3*x + 936 + 1653. Calculate the greatest common factor of l and 76.
19
Suppose -f = 4*n + 4*f - 221, -2*n + 111 = 3*f. Let w be 3157/44 + 11/44. Calculate the greatest common factor of w and n.
18
Suppose 5*u + 0*u + 5*w = 1845, 5*w + 1485 = 4*u. What is the greatest common factor of 70 and u?
10
Suppose 3*p = -29 - 70. Let y = p + 36. Suppose 0*b + 44 = 4*l + 5*b, -y*b = 4*l - 52. Calculate the highest common factor of 16 and l.
16
Suppose -6*z + 892 = -2440 - 2824. What is the highest common divisor of 38 and z?
38
Let f(w) = w**2 - 45*w + 377. Let o be f(34). Let t be (-3)/7 + (-17)/(-7). Let p be 7 - (6/t)/o. Calculate the highest common factor of p and 12.
6
Suppose -7*b + 3*a + 1330 = -3*b, 0 = -5*b - 5*a + 1645. Let v = b - 254. What is the highest common factor of v and 121?
11
Let z(x) = -12*x**2 + 2*x - 5. Let f be z(-3). Let u(r) = 39*r + 15. Let n be u(5). Let j = n + f. What is the greatest common factor of j and 13?
13
Suppose 4*o = 2*n + 154, -112*n + 107*n - 61 = -o. What is the greatest common divisor of o and 876?
12
Let p be ((-4)/11)/((-88)/21296). Let b = -14 + 25. Let f = -3 + b. Calculate the highest common factor of f and p.
8
Let f(r) = 13*r**2 + 5*r - 11. Let v be f(2). Suppose -30*t + 119 + 338 = -1583. What is the highest common factor of t and v?
17
Let s(i) = i**2 + 11*i + 42. Let o be s(-3). Suppose -245 + 29 = -9*a. Calculate the highest common factor of a and o.
6
Let h be -3*376/(-12)*2. Let w = h + -166. Calculate the highest common divisor of 198 and w.
22
Let d be -2 - (-5 + 0) - (3 + -2). Let t be (1/2)/((-6)/(-36)). Let c be d*t*(-45)/(-18). What is the greatest common factor of 75 and c?
15
Suppose 0 = m - 9 + 7. Suppose -5*b - 3*p + 196 = -p, 0 = -m*b + 5*p + 61. Let v = 49 - b. What is the greatest common factor of 121 and v?
11
Let f = 11320 - 11307. What is the greatest common factor of 2743 and f?
13
Let y(c) = c**3 + 4*c**2 - 7*c - 2. Let o be y